{"id":2419,"date":"2025-07-08T12:27:02","date_gmt":"2025-07-08T12:27:02","guid":{"rendered":"https:\/\/fotoklic.com\/quienes-somos\/"},"modified":"2025-07-19T17:10:52","modified_gmt":"2025-07-19T17:10:52","slug":"quienes-somos","status":"publish","type":"page","link":"https:\/\/fotoklic.com\/de\/quienes-somos\/","title":{"rendered":"Wer wir sind"},"content":{"rendered":"<div id=\"ez-toc-container\" class=\"ez-toc-v2_0_82_2 counter-hierarchy ez-toc-counter ez-toc-black ez-toc-container-direction\">\n<div class=\"ez-toc-title-container\">\n<p class=\"ez-toc-title\" style=\"cursor:inherit\"><\/p>\n<span class=\"ez-toc-title-toggle\"><a href=\"#\" class=\"ez-toc-pull-right ez-toc-btn ez-toc-btn-xs ez-toc-btn-default ez-toc-toggle\" aria-label=\"Toggle Table of Content\"><span class=\"ez-toc-js-icon-con\"><span class=\"\"><span class=\"eztoc-hide\" style=\"display:none;\">Toggle<\/span><span class=\"ez-toc-icon-toggle-span\"><svg style=\"fill: #999;color:#999\" xmlns=\"http:\/\/www.w3.org\/2000\/svg\" class=\"list-377408\" width=\"20px\" height=\"20px\" viewBox=\"0 0 24 24\" fill=\"none\"><path d=\"M6 6H4v2h2V6zm14 0H8v2h12V6zM4 11h2v2H4v-2zm16 0H8v2h12v-2zM4 16h2v2H4v-2zm16 0H8v2h12v-2z\" fill=\"currentColor\"><\/path><\/svg><svg style=\"fill: #999;color:#999\" class=\"arrow-unsorted-368013\" xmlns=\"http:\/\/www.w3.org\/2000\/svg\" width=\"10px\" height=\"10px\" viewBox=\"0 0 24 24\" version=\"1.2\" baseProfile=\"tiny\"><path d=\"M18.2 9.3l-6.2-6.3-6.2 6.3c-.2.2-.3.4-.3.7s.1.5.3.7c.2.2.4.3.7.3h11c.3 0 .5-.1.7-.3.2-.2.3-.5.3-.7s-.1-.5-.3-.7zM5.8 14.7l6.2 6.3 6.2-6.3c.2-.2.3-.5.3-.7s-.1-.5-.3-.7c-.2-.2-.4-.3-.7-.3h-11c-.3 0-.5.1-.7.3-.2.2-.3.5-.3.7s.1.5.3.7z\"\/><\/svg><\/span><\/span><\/span><\/a><\/span><\/div>\n<nav><ul class='ez-toc-list ez-toc-list-level-1 eztoc-toggle-hide-by-default' ><li class='ez-toc-page-1 ez-toc-heading-level-2'><a class=\"ez-toc-link ez-toc-heading-1\" href=\"https:\/\/fotoklic.com\/de\/quienes-somos\/#Projektleiter\" >Projektleiter<\/a><\/li><li class='ez-toc-page-1 ez-toc-heading-level-2'><a class=\"ez-toc-link ez-toc-heading-2\" href=\"https:\/\/fotoklic.com\/de\/quienes-somos\/#Senior_Editor\" >Senior Editor<\/a><\/li><\/ul><\/nav><\/div>\n\n<p class=\"\">Fotoklic ist ein Online-Magazin, das sich mit verschiedenen Facetten der Fotografie besch\u00e4ftigt. Wir konzentrieren uns auf Inhalte \u00fcber Kameras, Objektive, Bildbearbeitung und andere fotografische Ausr\u00fcstung. Wir schreiben nicht nur \u00fcber neue Kameras, Objektive oder Software, die gerade auf den Markt gekommen sind, sondern besch\u00e4ftigen uns auch mit Ger\u00fcchten, Leaks und Spekulationen \u00fcber zuk\u00fcnftige Innovationen.<\/p>\n\n<p class=\"\">Bei Fotoklic erreichen wir jeden Tag viele Leser, mit denen wir unsere Begeisterung f\u00fcr die Fotografie teilen. Wir legen Wert auf eine offene, direkte und pers\u00f6nliche Kommunikation im Umgang mit unserer Gemeinschaft und unseren Mitarbeitern. Wir zeichnen uns durch unabh\u00e4ngigen und meinungsstarken Journalismus aus. Um herauszufinden, wie Fotoklic finanziert wird und wie Sie die Seite unterst\u00fctzen k\u00f6nnen, <a href=\"https:\/\/fotoklic.com\/de\/advertise\/\">klicken Sie hier<\/a>.<\/p>\n\n<p class=\"\">Haben Sie einen Rat oder m\u00f6chten Sie uns kontaktieren? Sie k\u00f6nnen uns <a href=\"https:\/\/fotoklic.com\/de\/contact\/\">hier<\/a> kontaktieren.<\/p>\n\n<h2 class=\"wp-block-heading\"><span class=\"ez-toc-section\" id=\"Projektleiter\"><\/span>Projektleiter<span class=\"ez-toc-section-end\"><\/span><\/h2>\n\n<p class=\"\"><strong>Elisa Hernandez<\/strong><\/p>\n\n<p class=\"\">Gr\u00fcnderin und Redakteurin von Fotoklic aus Mexiko, immer begeistert von Fotografie und Kameras. Als Computerenthusiastin ist sie auch f\u00fcr die Website verantwortlich und redigiert Artikel.<\/p>\n\n<h2 class=\"wp-block-heading\"><span class=\"ez-toc-section\" id=\"Senior_Editor\"><\/span>Senior Editor<span class=\"ez-toc-section-end\"><\/span><\/h2>\n\n<p class=\"\"><strong>Jorge Lobo  <\/strong><\/p>\n\n<p class=\"\">Mitbegr\u00fcnder von Fotoklic, aus Deutschland, der seit zwei Jahrzehnten B\u00fccher und Artikel \u00fcber Fotografie schreibt. Er ist seit mehr als drei Jahrzehnten als Fotograf t\u00e4tig. Er bevorzugt Fujifilm- und Sony-Kameras. Er verbringt die meiste Zeit seines Lebens in Mexiko.<\/p>\n","protected":false},"excerpt":{"rendered":"<p>Fotoklic ist ein Online-Magazin, das sich mit verschiedenen Facetten der Fotografie besch\u00e4ftigt. Wir konzentrieren uns auf Inhalte \u00fcber Kameras, Objektive, Bildbearbeitung und andere fotografische Ausr\u00fcstung. Wir schreiben nicht nur \u00fcber neue Kameras, Objektive oder Software, die gerade auf den Markt gekommen sind, sondern besch\u00e4ftigen uns auch mit Ger\u00fcchten, Leaks und Spekulationen \u00fcber zuk\u00fcnftige Innovationen. Bei&#8230;<\/p>\n","protected":false},"author":1,"featured_media":0,"parent":0,"menu_order":0,"comment_status":"closed","ping_status":"closed","template":"","meta":{"_monsterinsights_skip_tracking":false,"_monsterinsights_sitenote_active":false,"_monsterinsights_sitenote_note":"","_monsterinsights_sitenote_category":0,"footnotes":""},"class_list":{"0":"post-2419","1":"page","2":"type-page","3":"status-publish","4":"hentry","5":"article","6":"","8":"has-excerpt","9":"has-avatar","10":"has-author","11":"has-nickname","12":"has-date","13":"has-comment-count","14":"has-read-more","15":"has-title","16":"thumbnail-","17":"has-tfm-share-icons"},"_links":{"self":[{"href":"https:\/\/fotoklic.com\/de\/wp-json\/wp\/v2\/pages\/2419","targetHints":{"allow":["GET"]}}],"collection":[{"href":"https:\/\/fotoklic.com\/de\/wp-json\/wp\/v2\/pages"}],"about":[{"href":"https:\/\/fotoklic.com\/de\/wp-json\/wp\/v2\/types\/page"}],"author":[{"embeddable":true,"href":"https:\/\/fotoklic.com\/de\/wp-json\/wp\/v2\/users\/1"}],"replies":[{"embeddable":true,"href":"https:\/\/fotoklic.com\/de\/wp-json\/wp\/v2\/comments?post=2419"}],"version-history":[{"count":2,"href":"https:\/\/fotoklic.com\/de\/wp-json\/wp\/v2\/pages\/2419\/revisions"}],"predecessor-version":[{"id":2637,"href":"https:\/\/fotoklic.com\/de\/wp-json\/wp\/v2\/pages\/2419\/revisions\/2637"}],"wp:attachment":[{"href":"https:\/\/fotoklic.com\/de\/wp-json\/wp\/v2\/media?parent=2419"}],"curies":[{"name":"wp","href":"https:\/\/api.w.org\/{rel}","templated":true}]}}

<div id="ez-toc-container" class="ez-toc-v2_0_82_2 counter-hierarchy ez-toc-counter ez-toc-black ez-toc-container-direction">
<div class="ez-toc-title-container">
<p class="ez-toc-title" style="cursor:inherit"></p>
<span class="ez-toc-title-toggle"><a href="#" class="ez-toc-pull-right ez-toc-btn ez-toc-btn-xs ez-toc-btn-default ez-toc-toggle" aria-label="Toggle Table of Content"><span class="ez-toc-js-icon-con"><span class=""><span class="eztoc-hide" style="display:none;">Toggle</span><span class="ez-toc-icon-toggle-span"><svg style="fill: #999;color:#999" xmlns="http://www.w3.org/2000/svg" class="list-377408" width="20px" height="20px" viewBox="0 0 24 24" fill="none"><path d="M6 6H4v2h2V6zm14 0H8v2h12V6zM4 11h2v2H4v-2zm16 0H8v2h12v-2zM4 16h2v2H4v-2zm16 0H8v2h12v-2z" fill="currentColor"></path></svg><svg style="fill: #999;color:#999" class="arrow-unsorted-368013" xmlns="http://www.w3.org/2000/svg" width="10px" height="10px" viewBox="0 0 24 24" version="1.2" baseProfile="tiny"><path d="M18.2 9.3l-6.2-6.3-6.2 6.3c-.2.2-.3.4-.3.7s.1.5.3.7c.2.2.4.3.7.3h11c.3 0 .5-.1.7-.3.2-.2.3-.5.3-.7s-.1-.5-.3-.7zM5.8 14.7l6.2 6.3 6.2-6.3c.2-.2.3-.5.3-.7s-.1-.5-.3-.7c-.2-.2-.4-.3-.7-.3h-11c-.3 0-.5.1-.7.3-.2.2-.3.5-.3.7s.1.5.3.7z"/></svg></span></span></span></a></span></div>
<nav><ul class='ez-toc-list ez-toc-list-level-1 eztoc-toggle-hide-by-default' ><li class='ez-toc-page-1 ez-toc-heading-level-2'><a class="ez-toc-link ez-toc-heading-1" href="https://fotoklic.com/de/quienes-somos/#Projektleiter" >Projektleiter</a></li><li class='ez-toc-page-1 ez-toc-heading-level-2'><a class="ez-toc-link ez-toc-heading-2" href="https://fotoklic.com/de/quienes-somos/#Senior_Editor" >Senior Editor</a></li></ul></nav></div>

<p class="">Fotoklic ist ein Online-Magazin, das sich mit verschiedenen Facetten der Fotografie beschäftigt. Wir konzentrieren uns auf Inhalte über Kameras, Objektive, Bildbearbeitung und andere fotografische Ausrüstung. Wir schreiben nicht nur über neue Kameras, Objektive oder Software, die gerade auf den Markt gekommen sind, sondern beschäftigen uns auch mit Gerüchten, Leaks und Spekulationen über zukünftige Innovationen.</p>

<p class="">Bei Fotoklic erreichen wir jeden Tag viele Leser, mit denen wir unsere Begeisterung für die Fotografie teilen. Wir legen Wert auf eine offene, direkte und persönliche Kommunikation im Umgang mit unserer Gemeinschaft und unseren Mitarbeitern. Wir zeichnen uns durch unabhängigen und meinungsstarken Journalismus aus. Um herauszufinden, wie Fotoklic finanziert wird und wie Sie die Seite unterstützen können, <a href="https://fotoklic.com/de/advertise/">klicken Sie hier</a>.</p>

<p class="">Haben Sie einen Rat oder möchten Sie uns kontaktieren? Sie können uns <a href="https://fotoklic.com/de/contact/">hier</a> kontaktieren.</p>

<h2 class="wp-block-heading"><span class="ez-toc-section" id="Projektleiter"></span>Projektleiter<span class="ez-toc-section-end"></span></h2>

<p class=""><strong>Elisa Hernandez</strong></p>

<p class="">Gründerin und Redakteurin von Fotoklic aus Mexiko, immer begeistert von Fotografie und Kameras. Als Computerenthusiastin ist sie auch für die Website verantwortlich und redigiert Artikel.</p>

<h2 class="wp-block-heading"><span class="ez-toc-section" id="Senior_Editor"></span>Senior Editor<span class="ez-toc-section-end"></span></h2>

<p class=""><strong>Jorge Lobo  </strong></p>

<p class="">Mitbegründer von Fotoklic, aus Deutschland, der seit zwei Jahrzehnten Bücher und Artikel über Fotografie schreibt. Er ist seit mehr als drei Jahrzehnten als Fotograf tätig. Er bevorzugt Fujifilm- und Sony-Kameras. Er verbringt die meiste Zeit seines Lebens in Mexiko.</p>

<p>Fotoklic ist ein Online-Magazin, das sich mit verschiedenen Facetten der Fotografie beschäftigt. Wir konzentrieren uns auf Inhalte über Kameras, Objektive, Bildbearbeitung und andere fotografische Ausrüstung. Wir schreiben nicht nur über neue Kameras, Objektive oder Software, die gerade auf den Markt gekommen sind, sondern beschäftigen uns auch mit Gerüchten, Leaks und Spekulationen über zukünftige Innovationen. Bei&#8230;</p>
